 Let w = o + -6. Suppose 2*m + 2*m - 12 = w. Calculate the remainder when 13 is divided by m.
1
Suppose 0 = 2*i + 6*x - 2*x - 282, 3*x - 281 = -2*i. Let v = i - 127. Calculate the remainder when 35 is divided by v.
11
What is the remainder when (-8)/(-52)*-1 + (-15211)/(-91) is divided by 42?
41
Suppose -81 = -5*d - 3*u - 27, -4*u = 8. Suppose -3*m + 0 - d = 0, -g - m + 16 = 0. Calculate the remainder when 59 is divided by g.
19
Let r(z) = -z + 8. Let h be r(8). Suppose 4*s = h, 4*s = -g + 2 + 4. Let t = 47 + g. What is the remainder when t is divided by 14?
11
Let a be -2 - -6*6/9. Calculate the remainder when 10 is divided by (-12)/(0/(a - -2) + -2).
4
Suppose 0 = 2*v - 2 - 28. Suppose 4*f = 3*c - 36, -5 = -c - 0*f - f. Suppose 28 = -7*j + c*j. Calculate the remainder when j is divided by v.
13
Let k(z) = z**2 - 10*z - 29. Calculate the remainder when 133 is divided by k(16).
66
Suppose 3 = -3*b, -3*l = 5*b - 27 + 134. Let u = 82 + l. Calculate the remainder when u is divided by 21.
6
Let k(f) = 30*f + 408. Calculate the remainder when 475 is divided by k(-11).
7
What is the remainder when (-110)/4*(6 + -8) is divided by 12?
7
Suppose -135 = -3*n - 120. Suppose j - 5 = -a + 6, a + 2*j = 15. What is the remainder when a is divided by n?
2
Let s(g) = 5*g**2 - 36*g + 3. What is the remainder when s(14) is divided by 54?
47
What is the remainder when (-6)/(-4)*(-112)/8*-8 is divided by 43?
39
Suppose -4*x + 7*x = 0. Suppose -r + 28 = -3*m, r + m = -x*m + 36. Let n(f) = -f**3 - f + 12. What is the remainder when r is divided by n(0)?
10
Suppose m + 364 = 4*w - m, -2*w = -5*m - 174. What is the remainder when w is divided by (16/20)/2 - (-93)/5?
16
Suppose -15*g + 361 + 539 = 0. Let p be 190/3 + 1/(-3). Suppose 6*u - p = 3*u. What is the remainder when g is divided by u?
18
Let s be (-99)/(-36) - (-2)/(-16)*-2. Suppose s*t + 15 = 0, -f - 11 = 7*t - 3*t. Calculate the remainder when 44 is divided by f.
8
Let d(g) = 6*g**3 + 36*g**2 - 4*g + 20. Calculate the remainder when d(-6) is divided by 19.
6
Let z = 255 + -237. Suppose -6*h + 28 = -2*h. What is the remainder when z is divided by h?
4
Let f(t) = -t + 28. Calculate the remainder when 152 is divided by f(2).
22
Suppose -3*u + 4*u = -3*h + 8, -4*u = 4*h - 16. Suppose 19 - 11 = h*l. Suppose 56 = 3*n + l*n. What is the remainder when 22 is divided by n?
6
Let u = -1902 + 1905. Calculate the remainder when 50 is divided by u.
2
Let h be 18/15*20/8. Suppose h*r + 2 = 29. Suppose 0 = -2*c + 2 + 2, -4 = -2*g + 2*c. Calculate the remainder when r is divided by g.
1
Let m be 40*(42/4)/(30/8). What is the remainder when 203 is divided by (m/3 - 2/6) + 4?
39
Suppose -a = -5*a + 304. Let t = -1 + a. What is the remainder when t is divided by 11?
9
Suppose 0 = -2*f - f - m - 54, -5*f = -5*m + 90. Let j be 122/f - 22/99. Let c = j + 12. What is the remainder when 7 is divided by c?
2
Suppose 826 = 4*c + 3*h - 0*h, 2*h = -4. What is the remainder when c is divided by 19?
18
Let g = 7 + -12. Let b(p) = p + 3. Let t(l) = -3. Let a(n) = 2*b(n) - 2*t(n). What is the remainder when 6 is divided by a(g)?
0
Let f(q) = -q**2 - 9*q - 1. Calculate the remainder when (23/(-5))/(-8*(-20)/(-1600)) is divided by f(-6).
12
Suppose 0 = 4*j - 5*j + 5*k - 18, k + 3 = -2*j. Calculate the remainder when j + (-3 - -4) + 30/2 is divided by 26/7 - 2/(-7).
1
Suppose -2*n - 3*u + 8 = 3*n, -5*u = -5*n. Calculate the remainder when ((1 - n) + -1)*-93 is divided by 24.
21
Suppose -12 = -x - 2*l, 48 = 4*x - 5*l + 2*l. Let k be (x + -9)*(-40)/(-6). Suppose 0 = -3*p + 7*p - k. Calculate the remainder when 12 is divided by p.
2
Suppose 3*h + 26 = 2*y, -4*y = 2*h - 16 - 36. Calculate the remainder when 9*(-16)/(-3) + -3 is divided by y.
6
Suppose 28 = u + 455. Let h = 651 + u. What is the remainder when (h/12 + -1)*3 is divided by 18?
17
Let f be 2/10 + 767/65. Suppose -x - 42 = -2*u, 2*u + 5*x - 30 - f = 0. What is the remainder when 83 is divided by u?
20
Suppose j - 39 = -5*b + 67, -3*j - 3*b + 306 = 0. What is the remainder when 319 is divided by j?
16
Let t = 26 - 17. Calculate the remainder when 7*6/189 + 250/t is divided by 6.
4
Let g = 123 - 84. Let k(y) = y**3 + 6*y**2 + 5*y + 7. Let l be k(-5). Suppose 2*o + 5*c = -l + 42, 0 = -4*c + 12. What is the remainder when g is divided by o?
9
Let y(i) be the third derivative of i**5/60 - 5*i**4/12 - 23*i**3/6 - 8*i**2. Calculate the remainder when y(-10) is divided by 36.
33
Let c = -15 - -15. Suppose 3*i = 0, c*i = -3*d + i + 57. What is the remainder when d is divided by 10?
9
Let w be (-4)/(-18) - (-357)/(-27). Let i = w - -13. Calculate the remainder when (2 + i)*(0 - -1) is divided by 2.
0
Let x(y) = -y**3 + 4*y**2 - y + 5. Let d be x(4). What is the remainder when 33 is divided by (-3 - (d + -5)) + 1*17?
15
Suppose -3*k - 5*t + 85 = -28, 4*t = -4*k + 148. What is the remainder when 74 is divided by k?
2
Suppose 0*g = -5*g + 140. Let z be (-6)/2 - 1*-12. What is the remainder when g is divided by 6/(-27) + 137/z?
13
Let d(t) = 16*t - 160. Let q(h) = 10*h + 1. What is the remainder when q(3) is divided by d(11)?
15
Suppose -z = -3*v - 3, 4 = 4*z - 2*v + 2. Suppose 4*k - k - 18 = z. Let w = 13 - 10. Calculate the remainder when k is divided by w.
0
Suppose 10 - 8 = c. Suppose -c*h = -2*t - 276, -726 = -4*h - h - 4*t. Calculate the remainder when h is divided by 11.
10
Suppose 87 = 3*q - p - 59, -3*q + 144 = -3*p. Let m = 533 + -520. What is the remainder when q is divided by m?
10
Let x(d) = -2*d**3 - 42*d**2 + 2*d + 59. Calculate the remainder when 37 is divided by x(-21).
3
Suppose 24*b - 308 = -20*b. What is the remainder when 191 is divided by b?
2
Suppose -3*n - 4*k = -283, -11*k + 10*k - 207 = -2*n. What is the remainder when n is divided by 21?
17
Let h = 1263 - 607. What is the remainder when h is divided by 14?
12
Let d = -27 + 49. Let l = -26 + 28. Suppose 2*z + 47 = 4*j + 3*z, l*j = -2*z + 22. Calculate the remainder when d is divided by j.
10
Suppose -148*i = -144*i - 208. Calculate the remainder when i is divided by 13.
0
Let c = -608 - -768. Calculate the remainder when c is divided by 27.
25
Let d = -319 + 322. What is the remainder when 70 is divided by d?
1
Suppose -15 = -o - 6. Suppose 0 = -19*r + 551 + 57. Calculate the remainder when r is divided by o.
5
Suppose -100 = -10*m + 6*m. Let s(v) = v - 1. What is the remainder when m is divided by s(5)?
1
Let v = -29 - -43. Suppose -v*c - 60 = -18*c. Calculate the remainder when 28 is divided by c.
13
Let n = -14 + 69. Calculate the remainder when n is divided by 12.
7
Let g = 26 - 5. Let t = -38 + 119. Calculate the remainder when t is divided by g.
18
Suppose 5*c - 36 = -4*x, 0 = -2*x - 2*x - 2*c + 24. Let w(n) = 0 + 0 + x - 8*n. What is the remainder when 55 is divided by w(-3)?
27
Let u = -219 - -252. Calculate the remainder when u is divided by 4.
1
Suppose 17*o = -14*o + 16957. What is the remainder when o is divided by 50?
47
Let w be (-18)/(-30) - (34/(-10))/1. Suppose 2*t + 212 - 854 = -5*v, w*v - 508 = -3*t. What is the remainder when v is divided by 44?
42
Suppose -2*o + 1110 = 244. Calculate the remainder when o is divided by 29.
27
Suppose -5 = -4*r - 1. What is the remainder when (r + 1 + -3)*-6 is divided by 2?
0
Let c = 634 + -277. What is the remainder when c is divided by 9?
6
Let r = 73 + -41. Suppose -9*c + 20 = -4*c. What is the remainder when (-4)/(r/12)*-4 is divided by c?
2
Suppose 5*y + z = 350, 5*z = -y - 0*z + 70. Suppose 0 = -4*c + 2*c + y. What is the remainder when c is divided by 13?
9
Let o(r) = -r**2 - 3*r - 4. Let j be o(-3). What is the remainder when 6*2 + (-15)/(30/j) is divided by 4?
2
Let d(c) = -2*c**3 + 7*c**2 - 2. Calculate the remainder when 8 is divided by d(3).
1
Let t = -2624 + 2664. Let b = -119 + 237. Calculate the remainder when b is divided by t.
38
Let j(g) = -g**3 + 9*g**2 + 2*g - 2. What is the remainder when j(-6) is divided by 12?
10
Suppose 2*u - 95 = 3*r, 4*r + 52 - 17 = u. What is the remainder when u is divided by 32?
23
Suppose 10 = 2*g + 2*i, -3*g + 10 = g - i. Suppose 0 = k + g*c + 3, -k + 3*k + c - 9 = 0. Suppose -n + k*n = 40. What is the remainder when 21 is divided by n?
5
Let d(y) = 20*y**2 + 78*y - 158. What is the remainder when d(2) is divided by 32?